(10)?
3
Let t be 1 - -9 - (1 - -3). Let o = 22 - t. What is the tens digit of o?
1
Suppose 3*o - 15 = 0, 5*o = 4*i + 2*o + 7. Let n be 42/4 + (-1)/i. Suppose -2*x - 2*b + 22 = 2*x, 2*b = 4*x - n. What is the units digit of x?
4
Suppose -a - 84 = -4*a. Suppose -23 = 2*s - 3. What is the tens digit of (a/s)/((-6)/30)?
1
Let m(s) = -s**3 + 4*s**2 + 5*s. Let b be m(5). Suppose 2*d = -b*d. Suppose d = 2*w - 0 - 8. What is the units digit of w?
4
Suppose -j = -6*j + 365. What is the tens digit of j?
7
Let x(m) = 25*m - 1. Let d be x(-3). Let o = d - 140. What is the units digit of 2/(-7) - o/21?
0
Let r = 2 - -1. Suppose -8*h - 70 = -3*y - 4*h, -r*y + h + 58 = 0. What is the units digit of y?
8
Suppose -3*g = -8*g + 150. What is the tens digit of g?
3
Let i(s) be the second derivative of s**3/6 + 7*s**2/2 + 3*s. What is the units digit of i(-6)?
1
Let z = 9 + -11. Let o = z + 12. What is the tens digit of o?
1
Let l(u) = -5*u + 5. Suppose -v - 4*v = -3*g + 25, -5*g = 0. Let j be l(v). Let d = j + -19. What is the tens digit of d?
1
What is the tens digit of 85/4 + 15/20?
2
Let j = 2 - 2. Let y be (-1)/(-5) - (-89)/5. Suppose -y = -2*i + b, -5*i + j*b + b + 45 = 0. What is the units digit of i?
9
Suppose 7*l + 4*w - 32 = 3*l, l - 5*w + 22 = 0. Let r = -2 + 3. Suppose -2*d = -i + 3, 8*i + 4*d = l*i + r. What is the units digit of i?
1
Let q = -8 - -6. Let d be -2 + 4 - 2/q. Suppose -p = d*p - 20. What is the units digit of p?
5
Suppose -4*l = 1 + 3. Let c = 2 - l. Suppose c*z - z - 4 = 0. What is the units digit of z?
2
Suppose -g + 26 = -4. Suppose 0 = -0*h + 5*h - g. What is the units digit of h?
6
Let k(a) = a**3 - a**2 - 2*a. Let u be k(-2). Let q = 23 + -39. Let j = u - q. What is the units digit of j?
8
Let q be (1 + -2)/((-3)/3). What is the units digit of (0/3)/(-2) + q?
1
Suppose 2*o - 109 - 313 = 0. What is the hundreds digit of o?
2
Suppose 0 = 3*f - 357 + 63. What is the tens digit of f?
9
Suppose y = 3*y - 32. Suppose 4*m - y = -0*m. What is the units digit of m?
4
What is the tens digit of (-3 - (-2 + 0)) + 101?
0
Let r be (-4)/(-6)*9/(-3). What is the units digit of r*21/(-18)*3?
7
Let y = -38 - -77. Let c = -3 - -1. What is the units digit of (y/(-2))/3*c?
3
Suppose 82*u = 77*u + 630. What is the hundreds digit of u?
1
Let a(i) = -i + 34. What is the units digit of a(20)?
4
Suppose -x + 2 = 4*y, 3*x - 4*x + 4 = 5*y. Let f be -2 - x/3 - -1. What is the units digit of 2 + -1 - (0 - f)?
2
Suppose 2*g = 128 - 28. Let q = -34 + g. What is the tens digit of q?
1
Suppose -3*q + 2*q + 150 = 0. What is the units digit of q?
0
Let z be (-16)/(-4) + 2 + -2. What is the units digit of z/2 - (1 + -4)?
5
Let h be (-23 + 2)*2/(-6). What is the tens digit of h/(35/8)*20?
3
Suppose -j = -5*j. Suppose -p + j*p = -14. What is the units digit of p?
4
Suppose -7 = -f - 3*o, -15 = -5*f + 2*o + 3. Let y(i) = 0*i**2 - f*i**2 + i + 0*i**2 + 3 + i**3. What is the units digit of y(4)?
7
Suppose -3*k + 9 = -0. Suppose 8*l - k*l = 40. What is the units digit of l?
8
Suppose -5*n - 1197 = -12*n. What is the units digit of n?
1
Let t(r) = r**2 + 8*r - 16. What is the tens digit of t(-12)?
3
Let v = 75 - 34. What is the units digit of v?
1
Let x(d) = d**3 + 13*d**2 + 12*d + 17. What is the units digit of x(-12)?
7
What is the tens digit of ((-14)/4 - -3)*-118?
5
Suppose -2*a = 5*v + 10, -4*v = 2*a - 6*a + 8. Suppose -10 - 8 = 2*h - 4*f, f - 3 = 0. Let p = a - h. What is the units digit of p?
3
Let n(a) = -4*a**3 - 3*a**2 + 1. Let p be n(-2). Let r = p - 7. What is the tens digit of r?
1
Let k = -5 - -5. Let j(m) = m**2. Let i be j(k). What is the units digit of 2/((2 - i)*1)?
1
Suppose f + 10 = -3*h, 2*f + 3*h = -2*h - 15. Suppose 3*g - 6*g + 2*d - 22 = 0, -f*g - 2*d - 26 = 0. What is the units digit of (-17)/g - 2/(-12)?
3
Let w(m) = -m**2 - 5*m - 4. Let f be w(-4). Suppose f*i - 4 = -2*i. Suppose 2*u - 20 = -i*u. What is the units digit of u?
5
Let t = -6 - -6. Suppose -3*a - v - 1 = t, -2*a - 4*v + 28 = -6*a. Let c(i) = -i**3 - 3*i**2 - 2*i + 2. What is the units digit of c(a)?
2
Let c(j) = j**2 - 12*j - 20. Let w = -4 + 18. What is the units digit of c(w)?
8
Let l = -15 - 19. Let q be l/(-4) - 3/6. What is the tens digit of (-4)/q - 33/(-2)?
1
Suppose y = -0*y. Suppose y = 3*w + w + 12. What is the tens digit of (w/(-6))/(2/68)?
1
Suppose -4*f = -7 - 9. Suppose 5*b = -d + 79, b - f*d + 5 = d. What is the tens digit of b?
1
Suppose 2*k + 135 = 5*k. What is the tens digit of k?
4
Let d be ((-1 - -1)*1)/(-2). Let y be -9 - (d + -3)*1. Let g = 10 + y. What is the units digit of g?
4
Let l(h) = -h**2 - 6*h + 2. Let v be l(-6). Let b = -1 + v. Suppose 0 = f - 16 - b. What is the tens digit of f?
1
Let t be (-1)/(3/6)*-3. Suppose -d + t = d. Suppose -d*v - v = -4. What is the units digit of v?
1
What is the tens digit of 32/(-5)*-2 - (-12)/60?
1
Suppose 0*o + a = -4*o + 19, -4 = -o - a. Suppose -2*l + 5*q - 5 = 5, 5 = o*l - 5*q. Suppose -l = -c - 2. What is the units digit of c?
3
What is the hundreds digit of 3/(-12) + 2404/16?
1
Let f = 20 + -2. What is the units digit of f?
8
Let x(y) = -3*y + 60. What is the units digit of x(14)?
8
Let u = 7 + -2. Let r(i) = i**3 - 10*i**2 + 11*i - 13. Let j be r(9). Suppose 35 = j*w + u. What is the units digit of w?
6
Let r(j) = -8*j - 5. What is the tens digit of r(-5)?
3
Let o(l) = l + 3. Let t be o(-3). Suppose -3*d - 2*d + 90 = t. What is the units digit of d?
8
Let a(w) = -3*w**3 + w**2 - w - 1. Let f be a(-1). Suppose 2*n - 173 + 54 = -v, -4 = f*v. Suppose p - 6*p + n = 0. What is the units digit of p?
2
Let u be 184/18 - 4/18. Let s be (-2)/10 + 2/u. Suppose s = -5*w + 2*w + 21. What is the units digit of w?
7
Suppose 5*p = 147 - 17. Suppose a - 4*o + 7 - 29 = 0, -3*o = 15. Suppose a*i - 4*i = -p. What is the units digit of i?
3
Let b be (-339)/15 - 2/5. What is the tens digit of (b + 0/(-2))/(-1)?
2
Suppose -o = 2*o. Let z(r) = 2*r**3 + 2*r**2 - r. Let t be z(1). Suppose o = j - t + 2. What is the units digit of j?
1
Suppose 0 = 2*y + 2*m - 6, 0 = -4*y - 4*m + 3*m + 15. Suppose 12 + 20 = y*t. Suppose 3*k - 5*k - t = 0, -q = 4*k + 9. What is the units digit of q?
7
Let g(x) = 4*x**2 - 2*x. Let z(h) = h**2 + h. Let b(f) = g(f) - 2*z(f). What is the tens digit of b(5)?
3
Suppose 8*q - 1007 = -55. What is the units digit of q?
9
Let x = -10 + 10. Suppose x = 3*q + v - 5 - 110, -2*q + 3*v + 62 = 0. What is the units digit of q?
7
Let x(a) = -5*a - 1. Let d be x(-1). Suppose d*q - 11 = -u, 2*q + 5*u = u + 16. Suppose -q*t = t - 6. What is the units digit of t?
2
Let w be (0*(-3)/9)/2. Suppose 3*f + 0*f + 9 = w. What is the tens digit of -5*(-1)/f*-9?
1
Let m be (4/(-4))/((-1)/2). Suppose 27 - 1 = m*o. What is the units digit of o?
3
Let i be (-44)/(-12) - (-2)/6. Suppose 0 = -w + 6 + i. What is the units digit of w?
0
Let n(y) = -y**2 + 4*y + 3. Let r be n(5). Suppose 0*m = 2*m + 2*k - 4, 0 = 5*m - k - 22. Let z = m + r. What is the units digit of z?
2
Let z(n) = n**2 + 8. Let r be z(0). Let a be (2 - -1 - 8)/1. Let h = a + r. What is the units digit of h?
3
Suppose -6 - 11 = g + 4*p, -3*g + 29 = -4*p. Suppose v + 2 = 0, g*h + 0*h + 5*v = 2. Suppose h*s - 25 - 11 = 0. What is the units digit of s?
9
Let o(y) be the third derivative of y**5/60 + y**4/24 + y**3/3 - 4*y**2. What is the units digit of o(-4)?
4
Let a be 1*-23*(-1)/(-1). Let c = -5 - a. Suppose 0 = 4*g - c - 6. What is the units digit of g?
6
Let d(p) = p - 3. Let h be d(3). Suppose 0 = -4*r + k - h*k + 36, 3*r + 3*k = 42. What is the tens digit of r?
1
Let f be (-4)/18*-12*75. Let i = f + -135. Suppose -t + 29 = -3*o, 4*t + t + o = i. What is the units digit of t?
4
Suppose 3*f = -g + 6, f - 4*g = 3*f - 4. Let b be (f/4)/((-3)/(-24)). Suppose -b*d = -d - 24. What is the units digit of d?
8
Let t be (0 - 1)*(-75)/(-3). Let j = t + 47. What is the units digit of j?
2
Let d(k) = -k**3 - 3*k - 7. What is the units digit of d(-4)?
9
Let o(d) = -22*d - 3. Let l be o(-2). Let z = -29 + l. What is the tens digit of z?
1
Suppose 5*t = 4*t + 1. Let j(v) = 4 + v + 0 - 3. What is the units digit of j(t)?
2
Let s be ((-5)/1)/(1/(-3)). Suppose 3*v - s = -0*v. What is the units digit of v?
5
Let m = -21 + 34. Suppose 4*h + m - 31 = -2*v, -v - 3 = -h. Suppose 0 = 3*z - 5 - h. W